t y(n) = -3*n**3 - 21*n**2 - 27*n + 3. Let a(x) = 2*x**3 + 10*x**2 + 14*x - 2. Let p(z) = 5*a(z) + 3*y(z). What is the units digit of p(14)?
1
Suppose -7654 - 45722 = -16*i. What is the thousands digit of i?
3
Suppose 9*x - 12 = 13*x + 5*b, 2*x = 4*b + 20. Suppose x*u - 127 = u. What is the units digit of u?
7
Let j = -54 - -49. What is the tens digit of (-3276)/(-45) - 1/j?
7
Suppose -5*f = -5*b + 95, f + 0*b + b = -29. What is the units digit of (924/f)/(1/(-2))?
7
Let u be -15 + 19 - (-116 - (1 - -1)). Suppose x + 18 = u. What is the hundreds digit of x?
1
Suppose -11*g - 563 - 350 = 0. Let v = g + 127. What is the units digit of v?
4
Suppose 3*p - 6731 = -2*r, -2*r - 2*p + 6726 = -0*p. What is the thousands digit of r?
3
What is the hundreds digit of (-44)/11*579/(-12)*1?
1
Let o(j) = 5*j**3 - j**2 + 1. Let d(g) = g + 5. Let n be d(-4). What is the units digit of o(n)?
5
Suppose 0*u - r = 2*u - 497, 2*u + 3*r - 487 = 0. Suppose u = 4*q + 5*o, -2*o - 296 = -4*q + 2*o. What is the units digit of q?
9
Suppose -3*o - 8 = -7*o, -5*x + 2*o = -71. What is the tens digit of ((-20)/6)/(x/(-225))?
5
Suppose -32*g + 41*g - 657 = 0. What is the tens digit of g?
7
Suppose -64*c + 180629 = -58283. What is the units digit of c?
3
Let c = 19 + -9. Let l be c/(-15) - 16/(-6). Suppose -3*d + 3 = -x - 3, -5*d = -3*x - l. What is the units digit of x?
6
Suppose 18*q = 4726 + 4598. What is the tens digit of q?
1
Let l(q) = q**2 + 46*q - 15. What is the hundreds digit of l(10)?
5
Let j = 134 - 34. What is the tens digit of j/8*4 + 5?
5
Let n = -73 - -49. What is the hundreds digit of 18/n + (-1798)/(-8)?
2
Let u be ((-18)/(-15))/(3/10). Let v = -202 + 203. Suppose 3*k + 85 = u*o, -k = -0 - v. What is the units digit of o?
2
Let f(i) = -8*i + 0*i - 10*i - 21. What is the hundreds digit of f(-8)?
1
Suppose -19*g + 362 = -246. What is the units digit of g?
2
Let o(l) = 3*l**2 - 36*l + 20. Let g be o(11). What is the units digit of (-10)/(-65) + ((-7666)/g)/2?
5
Suppose 2*w + 5 = -19. Let j be 78 - (-3)/w*4. Suppose 0 = -7*q + j - 7. What is the units digit of q?
0
Suppose 2110 = 4*j - 1458. What is the hundreds digit of j?
8
Let m(w) = -14*w - 35 - 3*w + w**2 + 2*w - w. What is the units digit of m(20)?
5
Suppose 83 = 2*l - 273. Suppose 3*u - 8 = l. What is the units digit of u?
2
Let q(s) = 2*s**2 - 35*s - 136. What is the hundreds digit of q(-13)?
6
Let o(t) = -t**3 - 7*t**2 + 7*t - 5. Let w be o(-8). Suppose 0 = w*q - 0*q - 6. Suppose -3*k - q*k = -95. What is the tens digit of k?
1
Let t = 284 + 425. What is the units digit of t?
9
Suppose 1 = -2*d + 7, -4*l + 3*d = -43. What is the tens digit of l?
1
Let w = 1993 + -1777. What is the units digit of w?
6
What is the tens digit of 244 - 31 - (0 + -2)?
1
Let x = -32 + 47. Let k = -9 + x. Suppose -k*m = -31 + 7. What is the units digit of m?
4
Suppose -3*v - 12 = -30. Suppose d = v + 5. Suppose -t + d = -1. What is the units digit of t?
2
Suppose 2*n + 8*f - 10*f = 1708, 3*n + 2*f - 2572 = 0. What is the units digit of n?
6
Let l(i) = -36*i + 25. What is the tens digit of l(-32)?
7
What is the thousands digit of ((-3)/(-3))/(3 - (-12354)/(-4119))?
1
Suppose -2*c - 8 = -46. Suppose 2*f = -7 + c. What is the units digit of f*(-12)/(-9) - -3?
1
Let k(g) = 34*g + 135. What is the tens digit of k(12)?
4
Suppose -w + 0*w = -588. What is the units digit of w?
8
Suppose -4*r - r = 20. Let x be 8*((-3)/r)/3. What is the units digit of 132/16 + x/(-8)?
8
Suppose 1661 = d - 5*x, -x + 8279 = 4*d + d. What is the units digit of d?
6
Suppose 52*y - 154115 = -13*y. What is the tens digit of y?
7
Suppose -4*t = 2*t. Suppose -48 = -3*p - 3*y - t*y, -5*y - 5 = 0. What is the tens digit of p?
1
Let y be -7*(-3 - 19/(-7)). Suppose -3*l + y*c = -352, -2*c = 5*l + c - 612. Suppose -5*a + l = -15. What is the units digit of a?
7
What is the tens digit of (-800)/(-15) + (-1)/((-12)/8)?
5
Let s(b) = 9*b - 8. Let n be s(6). Suppose n*h - 68 = 42*h. Suppose -f + h + 3 = 0. What is the tens digit of f?
2
Let j(f) = f**2 + f + 1. Let x be j(-3). Let s = x + 27. What is the tens digit of s?
3
Let y = 19 - 31. Let x = 50 + y. What is the tens digit of x?
3
Let q = -118 - -93. Suppose -4*n + 15 = n. What is the tens digit of n + -4 + 3 - q?
2
Suppose 0*i + 1204 = 4*z + 4*i, -3*i + 15 = 0. Suppose -3*m - z = -7*m. What is the tens digit of m?
7
Suppose p + 2*p = 1170. Suppose -5*g - 5*y + p = 0, 4*y + 304 = 4*g - 0*y. What is the tens digit of g?
7
Suppose 5*b - 374 = m + 2720, 0 = 5*m - 5. What is the tens digit of b?
1
Let b be (5 - 4)*(2 - -2). Suppose m = -b*m - 285. What is the units digit of m*(-2)/(-6)*-1?
9
Let r = 2130 + -1285. What is the hundreds digit of r?
8
Let i be (149*3)/(102/340). Suppose 0 = 15*p - 10*p - i. What is the hundreds digit of p?
2
Let s(g) = -g**3 + 2*g + 1. Let o be s(-1). Suppose 0 = -0*i - 4*i + 400. Suppose o*k + k - 16 = -5*y, -2*y = 3*k - i. What is the units digit of k?
6
Let b(g) = 5*g**3 - 11*g + 8 + 3 - 5*g**2 - 4*g**3. Let k be b(8). Suppose 0 = -3*w + 8*w - k. What is the units digit of w?
3
Suppose -4*o = 4*p + 16, -2*o + p = -o - 4. Suppose -79 = 4*x + k, o*x = 5*x + 3*k + 97. Let z = -13 - x. What is the units digit of z?
7
Suppose -136272 = 120*k - 144*k. What is the tens digit of k?
7
Suppose 10 = 3*i - 5. Let f be 0/i*1/2. Suppose 4*a + f*s - 4*s = 72, -3*s + 72 = 4*a. What is the tens digit of a?
1
Let v(i) be the first derivative of 67*i**2/2 - 5*i + 47. What is the hundreds digit of v(3)?
1
Let l = -2086 + 3008. What is the hundreds digit of l?
9
Let i = -73 - -391. Suppose -t + 4*t - i = 0. Suppose 3*z - 2*n - 17 - t = 0, 2*n = 0. What is the tens digit of z?
4
Let s(w) be the first derivative of 17*w - 1/2*w**2 - 6 + 1/3*w**3. What is the tens digit of s(0)?
1
Suppose 0 = 2*k - 0*w - 2*w - 6, -5*w - 11 = -3*k. Let j be 6/2 - (-4)/k. Suppose 4*r + j*t - 120 = 0, 3*r - 4*t + 7*t = 90. What is the units digit of r?
0
Suppose -38 + 195 = x + 2*f, 5*x - 817 = -2*f. Suppose 0 = -3*q - 4*a + 220, q + a = 3*q - x. What is the tens digit of q?
8
Let y(a) = 2*a**2 - 12*a + 17. Let h(k) = -4*k**2 + 24*k - 35. Let u(q) = 2*h(q) + 5*y(q). What is the units digit of u(9)?
9
Suppose 575 = -u + 6*u. Let y = u - -38. What is the tens digit of y?
5
What is the hundreds digit of ((-3)/((-15)/2995))/((-7)/(-14))?
1
Suppose 4*m = 2*u + 2, 0*m + 5 = -u - 2*m. Suppose n - 4 = 4. Let t = u + n. What is the units digit of t?
5
Suppose 0 = -5*p - y + 3*y + 1864, -4*p + 4*y = -1484. What is the units digit of p?
4
Suppose 5*o = d + 21, 5 - 16 = o - 4*d. Suppose l - 50 = o*c, -2*l + 50 = -l - 4*c. Suppose -43 = -4*j + y + l, -2*y = -j + 18. What is the tens digit of j?
2
Let u = 7146 + -2507. What is the units digit of u?
9
Let c(v) = -v**3 - 14*v**2 - v - 16. Let t be c(-15). Let s = t - 156. What is the units digit of s?
8
Suppose f + 2008 = q, -30*f - 1999 = -q - 26*f. What is the units digit of q?
1
Let b(v) = 27*v**3 + 6*v**2 - 6*v - 2. What is the hundreds digit of b(4)?
7
Let l(n) = -n**2 + n + 1. Let h(k) = -2*k**3 - 2*k**2 + 4*k + 1. Let f(o) = -2*h(o) + 2*l(o). What is the tens digit of f(4)?
6
Let b = -2061 - -4191. What is the tens digit of b?
3
Suppose 2*h - 4*o - 2396 = 0, -2*h - 3*o = -1069 - 1306. Suppose 4*w = -4*t + 1184, -4*w - t - t + h = 0. Suppose 5*i = -i + w. What is the units digit of i?
0
Let w(s) = 48*s + 30. What is the tens digit of w(5)?
7
What is the units digit of 21/(-35) + (0 - (-16752)/20)?
7
Let d(h) = 2*h**2 + 4*h + 7. Suppose -s + 212 = 215. What is the tens digit of d(s)?
1
Let k = 225 - 221. Let m(f) = f**2 - 5. Let b be m(-4). Suppose 9 = k*u - b. What is the units digit of u?
5
Suppose -t + 7*t = 18. Suppose -71 - 28 = -t*m. What is the tens digit of m?
3
Let w = -282 + 286. Let h be 0 + (-2)/4*-2. Suppose -2*z - 5 = -4*v + h, w*z = 12. What is the units digit of v?
3
Let h(u) = u**2 + 8*u - 1. What is the hundreds digit of h(12)?
2
Let q = 16 + -12. Suppose -y + 47 = 5. Suppose x - q*x + y = 0. What is the tens digit of x?
1
Suppose -89*w + 77532 = -50*w. What is the hundreds digit of w?
9
Let p = 8 + 4. What is the tens digit of p*(0 + (-17)/14)*-7?
0
Let g be (1 + 3/6)/(4/24). What is the tens digit of ((-36)/g)/(1 - 18/14)?
1
Let a(k) = k**3 + 21*k**2 - 7*k - 98. What i